{"id":9916,"date":"2020-05-17T06:43:29","date_gmt":"2020-05-17T03:43:29","guid":{"rendered":"https:\/\/hqstore.ro\/index.php\/product\/dvr-dvr-turbo-hd-8-canale-hikvision-hwd-5108m-2mp-8-canale-hwd-5108m\/"},"modified":"2020-10-28T08:38:56","modified_gmt":"2020-10-28T05:38:56","slug":"dvr-dvr-turbo-hd-8-canale-hikvision-hwd-5108m-2mp-8-canale-hwd-5108m","status":"publish","type":"product","link":"https:\/\/hqstore.ro\/index.php\/product\/dvr-dvr-turbo-hd-8-canale-hikvision-hwd-5108m-2mp-8-canale-hwd-5108m\/","title":{"rendered":"DVR TURBO HD 8 canale Hikvision HWD-5108M; 2MP; 8 canale"},"content":{"rendered":"<p>DVR TURBO HD 8 canale Hikvision HWD-5108M; 2MP; 8 canale HD- TVI\/AHD\/CVI\/CVBS; compresie: H.264+\/H.264; rezolutie: 1080p Lite@12fps, suporta 2 x canale IP; iesiri video: HDMI\/VGA 1-ch, 1920 \u00d7 1080\/60Hz; iesire audio: 1CH RCA (2.0 Vp-p, 1 K\u03a9); 1 x interfata SATA pana la 6TB; interfata retea: 1, RJ45 10M\/100M self-adaptive; 2 \u00d7 USB 2.0; Alimentare: 12VDC; Dimensiuni: 260 \u00d7 222 \u00d7 45mm; Greutate: 0.8kg;<\/p>\n","protected":false},"excerpt":{"rendered":"<p>DVR TURBO HD 8 canale Hikvision HWD-5108M; 2MP; 8 canale HD- TVI\/AHD\/CVI\/CVBS; compresie: H.264+\/H.264; rezolutie: 1080p Lite@12fps, suporta 2 x canale IP; iesiri video: HDMI\/VGA 1-ch, 1920 \u00d7 1080\/60Hz; iesire audio: 1CH RCA (2.0 Vp-p, 1 K\u03a9); 1 x interfata SATA pana la 6TB; interfata retea: 1, RJ45 10M\/100M self-adaptive; 2 \u00d7 USB 2.0; Alimentare:<span class=\"read-more-faq\"><a href=\"https:\/\/hqstore.ro\/index.php\/product\/dvr-dvr-turbo-hd-8-canale-hikvision-hwd-5108m-2mp-8-canale-hwd-5108m\/\">Read More<\/a><\/span><\/p>\n","protected":false},"featured_media":9917,"comment_status":"open","ping_status":"closed","template":"","meta":[],"product_cat":[362],"product_tag":[],"_links":{"self":[{"href":"https:\/\/hqstore.ro\/index.php\/wp-json\/wp\/v2\/product\/9916"}],"collection":[{"href":"https:\/\/hqstore.ro\/index.php\/wp-json\/wp\/v2\/product"}],"about":[{"href":"https:\/\/hqstore.ro\/index.php\/wp-json\/wp\/v2\/types\/product"}],"replies":[{"embeddable":true,"href":"https:\/\/hqstore.ro\/index.php\/wp-json\/wp\/v2\/comments?post=9916"}],"wp:featuredmedia":[{"embeddable":true,"href":"https:\/\/hqstore.ro\/index.php\/wp-json\/wp\/v2\/media\/9917"}],"wp:attachment":[{"href":"https:\/\/hqstore.ro\/index.php\/wp-json\/wp\/v2\/media?parent=9916"}],"wp:term":[{"taxonomy":"product_cat","embeddable":true,"href":"https:\/\/hqstore.ro\/index.php\/wp-json\/wp\/v2\/product_cat?post=9916"},{"taxonomy":"product_tag","embeddable":true,"href":"https:\/\/hqstore.ro\/index.php\/wp-json\/wp\/v2\/product_tag?post=9916"}],"curies":[{"name":"wp","href":"https:\/\/api.w.org\/{rel}","templated":true}]}}