{"id":96766,"date":"2023-01-31T04:08:37","date_gmt":"2023-01-31T01:08:37","guid":{"rendered":"https:\/\/hqstore.ro\/index.php\/product\/seifuri-seif-cu-amprenta-assa-abloy-ysfm-520-eg1acces-cu-amprenta-si-cod-ysfm-520-eg1\/"},"modified":"2023-01-31T04:08:38","modified_gmt":"2023-01-31T01:08:38","slug":"seifuri-seif-cu-amprenta-assa-abloy-ysfm-520-eg1acces-cu-amprenta-si-cod-ysfm-520-eg1","status":"publish","type":"product","link":"https:\/\/hqstore.ro\/index.php\/product\/seifuri-seif-cu-amprenta-assa-abloy-ysfm-520-eg1acces-cu-amprenta-si-cod-ysfm-520-eg1\/","title":{"rendered":"Seif cu amprenta Assa Abloy YSFM\/520\/EG1;Acces cu amprent\u0103 \u0219i cod"},"content":{"rendered":"<p>Seif cu amprenta Assa Abloy YSFM\/520\/EG1;Acces cu amprent\u0103 \u0219i cod PIN,U\u0219a t\u0103iat\u0103 cu laser-\u00eent\u0103rit\u0103 cu plac\u0103 armat\u0103 anti-forare,\u00cencuietoare motorizat\u0103 cu nivel de securitate maxim,Blocare timp de 1min \u00een cazul introducerii unui cod gre\u0219it de 3 ori,Display LCD clar cu tastatur\u0103, Luminat la interior pentru a fi v\u0103zut u\u0219or con\u021binutul,Dimensiuni:Interior: 510 x 337 x 290mm,Exterior: 520 x 350 x 360mm,U\u0219\u0103: 450 x 290mm, Greutate:28Kg<\/p>\n","protected":false},"excerpt":{"rendered":"<p>Seif cu amprenta Assa Abloy YSFM\/520\/EG1;Acces cu amprent\u0103 \u0219i cod PIN,U\u0219a t\u0103iat\u0103 cu laser-\u00eent\u0103rit\u0103 cu plac\u0103 armat\u0103 anti-forare,\u00cencuietoare motorizat\u0103 cu nivel de securitate maxim,Blocare timp de 1min \u00een cazul introducerii unui cod gre\u0219it de 3 ori,Display LCD clar cu tastatur\u0103, Luminat la interior pentru a fi v\u0103zut u\u0219or con\u021binutul,Dimensiuni:Interior: 510 x 337 x 290mm,Exterior: 520<span class=\"read-more-faq\"><a href=\"https:\/\/hqstore.ro\/index.php\/product\/seifuri-seif-cu-amprenta-assa-abloy-ysfm-520-eg1acces-cu-amprenta-si-cod-ysfm-520-eg1\/\">Read More<\/a><\/span><\/p>\n","protected":false},"featured_media":96767,"comment_status":"open","ping_status":"closed","template":"","meta":[],"product_cat":[507],"product_tag":[],"_links":{"self":[{"href":"https:\/\/hqstore.ro\/index.php\/wp-json\/wp\/v2\/product\/96766"}],"collection":[{"href":"https:\/\/hqstore.ro\/index.php\/wp-json\/wp\/v2\/product"}],"about":[{"href":"https:\/\/hqstore.ro\/index.php\/wp-json\/wp\/v2\/types\/product"}],"replies":[{"embeddable":true,"href":"https:\/\/hqstore.ro\/index.php\/wp-json\/wp\/v2\/comments?post=96766"}],"wp:featuredmedia":[{"embeddable":true,"href":"https:\/\/hqstore.ro\/index.php\/wp-json\/wp\/v2\/media\/96767"}],"wp:attachment":[{"href":"https:\/\/hqstore.ro\/index.php\/wp-json\/wp\/v2\/media?parent=96766"}],"wp:term":[{"taxonomy":"product_cat","embeddable":true,"href":"https:\/\/hqstore.ro\/index.php\/wp-json\/wp\/v2\/product_cat?post=96766"},{"taxonomy":"product_tag","embeddable":true,"href":"https:\/\/hqstore.ro\/index.php\/wp-json\/wp\/v2\/product_tag?post=96766"}],"curies":[{"name":"wp","href":"https:\/\/api.w.org\/{rel}","templated":true}]}}