{"id":83910,"date":"2023-01-30T20:43:52","date_gmt":"2023-01-30T17:43:52","guid":{"rendered":"https:\/\/hqstore.ro\/index.php\/product\/routere-wireless-zyxel-pla6457-rata-maxima-transfer-de-date-2400-mbit-s-retea-pla6457-eu0201f\/"},"modified":"2023-05-30T01:36:02","modified_gmt":"2023-05-29T22:36:02","slug":"routere-wireless-zyxel-pla6457-rata-maxima-transfer-de-date-2400-mbit-s-retea-pla6457-eu0201f","status":"publish","type":"product","link":"https:\/\/hqstore.ro\/index.php\/product\/routere-wireless-zyxel-pla6457-rata-maxima-transfer-de-date-2400-mbit-s-retea-pla6457-eu0201f\/","title":{"rendered":"Zyxel PLA6457. Rat\u0103 maxim\u0103 transfer de date: 2400 Mbit\/s, Re\u0163ea"},"content":{"rendered":"<p>Zyxel PLA6457. Rat\u0103 maxim\u0103 transfer de date: 2400 Mbit\/s, Re\u0163ea standard: IEEE 802.1D, IEEE 802.3, IEEE 802.3ab, IEEE 802.3u, Priza de putere: Tip F. Tensiune AC intrare: 100 &#8211; 240 V, Frecven\u021b\u0103 de intrare AC: 50\/60 Hz. Culoarea produsului: Alb, \u0162ara de origine: China, Certificare: CE-LVD, CE. L\u0103\u021bime: 140 milimetri, Ad\u00e2ncime: 70 milimetri, \u00cen\u0103l\u0163ime: 41 milimetri. Cantitate per ambalaj: 1 buc., Cabluri incluse: LAN (RJ-45)<\/p>\n","protected":false},"excerpt":{"rendered":"<p>Zyxel PLA6457. Rat\u0103 maxim\u0103 transfer de date: 2400 Mbit\/s, Re\u0163ea standard: IEEE 802.1D, IEEE 802.3, IEEE 802.3ab, IEEE 802.3u, Priza de putere: Tip F. Tensiune AC intrare: 100 &#8211; 240 V, Frecven\u021b\u0103 de intrare AC: 50\/60 Hz. Culoarea produsului: Alb, \u0162ara de origine: China, Certificare: CE-LVD, CE. L\u0103\u021bime: 140 milimetri, Ad\u00e2ncime: 70 milimetri, \u00cen\u0103l\u0163ime: 41<span class=\"read-more-faq\"><a href=\"https:\/\/hqstore.ro\/index.php\/product\/routere-wireless-zyxel-pla6457-rata-maxima-transfer-de-date-2400-mbit-s-retea-pla6457-eu0201f\/\">Read More<\/a><\/span><\/p>\n","protected":false},"featured_media":0,"comment_status":"open","ping_status":"closed","template":"","meta":[],"product_cat":[335],"product_tag":[],"_links":{"self":[{"href":"https:\/\/hqstore.ro\/index.php\/wp-json\/wp\/v2\/product\/83910"}],"collection":[{"href":"https:\/\/hqstore.ro\/index.php\/wp-json\/wp\/v2\/product"}],"about":[{"href":"https:\/\/hqstore.ro\/index.php\/wp-json\/wp\/v2\/types\/product"}],"replies":[{"embeddable":true,"href":"https:\/\/hqstore.ro\/index.php\/wp-json\/wp\/v2\/comments?post=83910"}],"wp:attachment":[{"href":"https:\/\/hqstore.ro\/index.php\/wp-json\/wp\/v2\/media?parent=83910"}],"wp:term":[{"taxonomy":"product_cat","embeddable":true,"href":"https:\/\/hqstore.ro\/index.php\/wp-json\/wp\/v2\/product_cat?post=83910"},{"taxonomy":"product_tag","embeddable":true,"href":"https:\/\/hqstore.ro\/index.php\/wp-json\/wp\/v2\/product_tag?post=83910"}],"curies":[{"name":"wp","href":"https:\/\/api.w.org\/{rel}","templated":true}]}}