{"id":83909,"date":"2023-01-30T20:43:50","date_gmt":"2023-01-30T17:43:50","guid":{"rendered":"https:\/\/hqstore.ro\/index.php\/product\/routere-wireless-zyxel-wah7601-banda-wi-fi-banda-unica-2-4-ghz-standard-wi-fi-wah7601-euznv1f\/"},"modified":"2023-05-30T01:36:16","modified_gmt":"2023-05-29T22:36:16","slug":"routere-wireless-zyxel-wah7601-banda-wi-fi-banda-unica-2-4-ghz-standard-wi-fi-wah7601-euznv1f","status":"publish","type":"product","link":"https:\/\/hqstore.ro\/index.php\/product\/routere-wireless-zyxel-wah7601-banda-wi-fi-banda-unica-2-4-ghz-standard-wi-fi-wah7601-euznv1f\/","title":{"rendered":"Zyxel WAH7601. Band\u0103 Wi-Fi: Band\u0103 unic\u0103 (2.4 GHz), Standard Wi-Fi:"},"content":{"rendered":"<p>Zyxel WAH7601. Band\u0103 Wi-Fi: Band\u0103 unic\u0103 (2.4 GHz), Standard Wi-Fi: Wi-Fi 4 (802.11n), Rat\u0103 transfer date WLAN (max): 150 Mbit\/s. Tip re\u021bea mobil\u0103: 4G, Standarde 4G: LTE. Carduri de memorie compatibile: MicroSD (TransFlash), Capacitatea maxim\u0103 card de memorie: 32 Giga Bites. Tipul de produs: Router portabil, Culoarea produsului: Negru. Tip anten\u0103: Intern<\/p>\n","protected":false},"excerpt":{"rendered":"<p>Zyxel WAH7601. Band\u0103 Wi-Fi: Band\u0103 unic\u0103 (2.4 GHz), Standard Wi-Fi: Wi-Fi 4 (802.11n), Rat\u0103 transfer date WLAN (max): 150 Mbit\/s. Tip re\u021bea mobil\u0103: 4G, Standarde 4G: LTE. Carduri de memorie compatibile: MicroSD (TransFlash), Capacitatea maxim\u0103 card de memorie: 32 Giga Bites. Tipul de produs: Router portabil, Culoarea produsului: Negru. Tip anten\u0103: Intern<\/p>\n","protected":false},"featured_media":0,"comment_status":"open","ping_status":"closed","template":"","meta":[],"product_cat":[335],"product_tag":[],"_links":{"self":[{"href":"https:\/\/hqstore.ro\/index.php\/wp-json\/wp\/v2\/product\/83909"}],"collection":[{"href":"https:\/\/hqstore.ro\/index.php\/wp-json\/wp\/v2\/product"}],"about":[{"href":"https:\/\/hqstore.ro\/index.php\/wp-json\/wp\/v2\/types\/product"}],"replies":[{"embeddable":true,"href":"https:\/\/hqstore.ro\/index.php\/wp-json\/wp\/v2\/comments?post=83909"}],"wp:attachment":[{"href":"https:\/\/hqstore.ro\/index.php\/wp-json\/wp\/v2\/media?parent=83909"}],"wp:term":[{"taxonomy":"product_cat","embeddable":true,"href":"https:\/\/hqstore.ro\/index.php\/wp-json\/wp\/v2\/product_cat?post=83909"},{"taxonomy":"product_tag","embeddable":true,"href":"https:\/\/hqstore.ro\/index.php\/wp-json\/wp\/v2\/product_tag?post=83909"}],"curies":[{"name":"wp","href":"https:\/\/api.w.org\/{rel}","templated":true}]}}