{"id":77187,"date":"2022-02-26T08:39:22","date_gmt":"2022-02-26T05:39:22","guid":{"rendered":"https:\/\/hqstore.ro\/index.php\/product\/acces-point-uri-wireless-access-point-tp-link-eap235-wall-1-x-10-100-1000mbps-downlink-porturi-eap235-wall\/"},"modified":"2022-02-26T08:39:22","modified_gmt":"2022-02-26T05:39:22","slug":"acces-point-uri-wireless-access-point-tp-link-eap235-wall-1-x-10-100-1000mbps-downlink-porturi-eap235-wall","status":"publish","type":"product","link":"https:\/\/hqstore.ro\/index.php\/product\/acces-point-uri-wireless-access-point-tp-link-eap235-wall-1-x-10-100-1000mbps-downlink-porturi-eap235-wall\/","title":{"rendered":"Wireless Access Point TP-Link EAP235-WALL, 1 \u00d7 10\/100\/1000Mbps, Downlink: porturi"},"content":{"rendered":"<p>Wireless Access Point TP-Link EAP235-WALL, 1 \u00d7 10\/100\/1000Mbps, Downlink: porturi Ethernet 3 \u00d7 10\/100\/1000 Mbps (un port accept\u0103 PoE OUT. Func\u021bia PoE OUT necesit\u0103 intrare 802.3at PoE + \u0219i ie\u0219irea maxim\u0103 este de 13 W.), Standarde Wireless: IEEE 802.11a\/b\/g\/n\/ac, Frecven\u021b\u0103: 2,4 GHz \u0219i 5 GHz, Rat\u0103 de Semnal: 5 GHz: p\u00e2n\u0103 la 867 Mbps, 2,4 GHz: p\u00e2n\u0103 la 300 Mbps, Management: Omada, Consum Energie: 9,8 Watt \/ 24,4 Watt (PoE Out inclus). 2 antene Dual-Band.<\/p>\n","protected":false},"excerpt":{"rendered":"<p>Wireless Access Point TP-Link EAP235-WALL, 1 \u00d7 10\/100\/1000Mbps, Downlink: porturi Ethernet 3 \u00d7 10\/100\/1000 Mbps (un port accept\u0103 PoE OUT. Func\u021bia PoE OUT necesit\u0103 intrare 802.3at PoE + \u0219i ie\u0219irea maxim\u0103 este de 13 W.), Standarde Wireless: IEEE 802.11a\/b\/g\/n\/ac, Frecven\u021b\u0103: 2,4 GHz \u0219i 5 GHz, Rat\u0103 de Semnal: 5 GHz: p\u00e2n\u0103 la 867 Mbps, 2,4<span class=\"read-more-faq\"><a href=\"https:\/\/hqstore.ro\/index.php\/product\/acces-point-uri-wireless-access-point-tp-link-eap235-wall-1-x-10-100-1000mbps-downlink-porturi-eap235-wall\/\">Read More<\/a><\/span><\/p>\n","protected":false},"featured_media":0,"comment_status":"open","ping_status":"closed","template":"","meta":[],"product_cat":[],"product_tag":[],"_links":{"self":[{"href":"https:\/\/hqstore.ro\/index.php\/wp-json\/wp\/v2\/product\/77187"}],"collection":[{"href":"https:\/\/hqstore.ro\/index.php\/wp-json\/wp\/v2\/product"}],"about":[{"href":"https:\/\/hqstore.ro\/index.php\/wp-json\/wp\/v2\/types\/product"}],"replies":[{"embeddable":true,"href":"https:\/\/hqstore.ro\/index.php\/wp-json\/wp\/v2\/comments?post=77187"}],"wp:attachment":[{"href":"https:\/\/hqstore.ro\/index.php\/wp-json\/wp\/v2\/media?parent=77187"}],"wp:term":[{"taxonomy":"product_cat","embeddable":true,"href":"https:\/\/hqstore.ro\/index.php\/wp-json\/wp\/v2\/product_cat?post=77187"},{"taxonomy":"product_tag","embeddable":true,"href":"https:\/\/hqstore.ro\/index.php\/wp-json\/wp\/v2\/product_tag?post=77187"}],"curies":[{"name":"wp","href":"https:\/\/api.w.org\/{rel}","templated":true}]}}