{"id":55488,"date":"2021-02-23T09:22:55","date_gmt":"2021-02-23T06:22:55","guid":{"rendered":"https:\/\/hqstore.ro\/index.php\/product\/routere-wireless-tpl-wi-fi-6-router-gigabit-archer-ax90-archer-ax90\/"},"modified":"2023-02-01T05:24:28","modified_gmt":"2023-02-01T02:24:28","slug":"routere-wireless-tp-link-wifi-6-router-gigabit-archer-ax90-tri-band-standarde-ieee-archer-ax90","status":"publish","type":"product","link":"https:\/\/hqstore.ro\/index.php\/product\/routere-wireless-tp-link-wifi-6-router-gigabit-archer-ax90-tri-band-standarde-ieee-archer-ax90\/","title":{"rendered":"TP-LINK WIFI 6 Router Gigabit, ARCHER AX90, Tri-Band, Standarde: IEEE"},"content":{"rendered":"<p>TP-LINK WIFI 6 Router Gigabit, ARCHER AX90, Tri-Band, Standarde: IEEE 802.11ax\/ac\/n\/a 5 GHz, IEEE 802.11ax\/n\/b\/g 2.4 GHz, viteza wifi: AX6600, 5 GHz-1: 4804 Mbps (802.11ax, HE160), 5 GHz-2: 1201 Mbps (802.11ax), 2.4 GHz: 574 Mbps (802.11ax), 8 \u00d7 Antene Fixe de \u00eenalt\u0103 Performan\u021b\u0103, 4 \u00d7 4 MU-MIMO, Processor: 1.5 GHz Quad-Core CPU, interfata: 1 Port 2.5 Gbps WAN\/LAN, 1 Port 1 Gbps Port WAN\/LAN, 3 Porturi 1 Gbps LAN, 1 Port USB 3.0, 1 Port USB 2.0.<\/p>\n","protected":false},"excerpt":{"rendered":"<p>TP-LINK WIFI 6 Router Gigabit, ARCHER AX90, Tri-Band, Standarde: IEEE 802.11ax\/ac\/n\/a 5 GHz, IEEE 802.11ax\/n\/b\/g 2.4 GHz, viteza wifi: AX6600, 5 GHz-1: 4804 Mbps (802.11ax, HE160), 5 GHz-2: 1201 Mbps (802.11ax), 2.4 GHz: 574 Mbps (802.11ax), 8 \u00d7 Antene Fixe de \u00eenalt\u0103 Performan\u021b\u0103, 4 \u00d7 4 MU-MIMO, Processor: 1.5 GHz Quad-Core CPU, interfata: 1 Port<span class=\"read-more-faq\"><a href=\"https:\/\/hqstore.ro\/index.php\/product\/routere-wireless-tp-link-wifi-6-router-gigabit-archer-ax90-tri-band-standarde-ieee-archer-ax90\/\">Read More<\/a><\/span><\/p>\n","protected":false},"featured_media":56639,"comment_status":"open","ping_status":"closed","template":"","meta":[],"product_cat":[335],"product_tag":[],"_links":{"self":[{"href":"https:\/\/hqstore.ro\/index.php\/wp-json\/wp\/v2\/product\/55488"}],"collection":[{"href":"https:\/\/hqstore.ro\/index.php\/wp-json\/wp\/v2\/product"}],"about":[{"href":"https:\/\/hqstore.ro\/index.php\/wp-json\/wp\/v2\/types\/product"}],"replies":[{"embeddable":true,"href":"https:\/\/hqstore.ro\/index.php\/wp-json\/wp\/v2\/comments?post=55488"}],"wp:featuredmedia":[{"embeddable":true,"href":"https:\/\/hqstore.ro\/index.php\/wp-json\/wp\/v2\/media\/56639"}],"wp:attachment":[{"href":"https:\/\/hqstore.ro\/index.php\/wp-json\/wp\/v2\/media?parent=55488"}],"wp:term":[{"taxonomy":"product_cat","embeddable":true,"href":"https:\/\/hqstore.ro\/index.php\/wp-json\/wp\/v2\/product_cat?post=55488"},{"taxonomy":"product_tag","embeddable":true,"href":"https:\/\/hqstore.ro\/index.php\/wp-json\/wp\/v2\/product_tag?post=55488"}],"curies":[{"name":"wp","href":"https:\/\/api.w.org\/{rel}","templated":true}]}}