{"id":51468,"date":"2021-01-12T08:08:17","date_gmt":"2021-01-12T05:08:17","guid":{"rendered":"https:\/\/hqstore.ro\/index.php\/product\/placi-de-retea-adaptor-tp-link-usb-c-la-gigabit-ethernet-network-caracteristicile-usb-ue300c\/"},"modified":"2024-03-08T03:34:01","modified_gmt":"2024-03-08T00:34:01","slug":"placi-de-retea-adaptor-tp-link-usb-c-la-gigabit-ethernet-network-caracteristicile-usb-ue300c","status":"publish","type":"product","link":"https:\/\/hqstore.ro\/index.php\/product\/placi-de-retea-adaptor-tp-link-usb-c-la-gigabit-ethernet-network-caracteristicile-usb-ue300c\/","title":{"rendered":"Adaptor TP-Link, USB C la Gigabit Ethernet Network, Caracteristicile USB"},"content":{"rendered":"<p>Adaptor TP-Link, USB C la Gigabit Ethernet Network, Caracteristicile USB 3.0 \u0219i Gigabit ale adaptorului asigur\u0103 o rat\u0103 de transfer de mare vitez\u0103 de p\u00e2n\u0103 la 1000 Mbps, Chipset RTL8153.<\/p>\n","protected":false},"excerpt":{"rendered":"<p>Adaptor TP-Link, USB C la Gigabit Ethernet Network, Caracteristicile USB 3.0 \u0219i Gigabit ale adaptorului asigur\u0103 o rat\u0103 de transfer de mare vitez\u0103 de p\u00e2n\u0103 la 1000 Mbps, Chipset RTL8153.<\/p>\n","protected":false},"featured_media":56540,"comment_status":"open","ping_status":"closed","template":"","meta":[],"product_cat":[333],"product_tag":[],"_links":{"self":[{"href":"https:\/\/hqstore.ro\/index.php\/wp-json\/wp\/v2\/product\/51468"}],"collection":[{"href":"https:\/\/hqstore.ro\/index.php\/wp-json\/wp\/v2\/product"}],"about":[{"href":"https:\/\/hqstore.ro\/index.php\/wp-json\/wp\/v2\/types\/product"}],"replies":[{"embeddable":true,"href":"https:\/\/hqstore.ro\/index.php\/wp-json\/wp\/v2\/comments?post=51468"}],"wp:featuredmedia":[{"embeddable":true,"href":"https:\/\/hqstore.ro\/index.php\/wp-json\/wp\/v2\/media\/56540"}],"wp:attachment":[{"href":"https:\/\/hqstore.ro\/index.php\/wp-json\/wp\/v2\/media?parent=51468"}],"wp:term":[{"taxonomy":"product_cat","embeddable":true,"href":"https:\/\/hqstore.ro\/index.php\/wp-json\/wp\/v2\/product_cat?post=51468"},{"taxonomy":"product_tag","embeddable":true,"href":"https:\/\/hqstore.ro\/index.php\/wp-json\/wp\/v2\/product_tag?post=51468"}],"curies":[{"name":"wp","href":"https:\/\/api.w.org\/{rel}","templated":true}]}}