{"id":33993,"date":"2020-10-28T12:11:04","date_gmt":"2020-10-28T09:11:04","guid":{"rendered":"https:\/\/hqstore.ro\/index.php\/product\/routere-wireless-router-wireless-asus-rt-ax82u-02-11ax-ipv4-ipv6-segment-produs-performanta-rt-ax82u\/"},"modified":"2023-05-29T00:23:30","modified_gmt":"2023-05-28T21:23:30","slug":"routere-wireless-router-wireless-asus-rt-ax82u-ax6000-wi-fi-6-dual-band-gigabit-rt-ax82u","status":"publish","type":"product","link":"https:\/\/hqstore.ro\/index.php\/product\/routere-wireless-router-wireless-asus-rt-ax82u-ax6000-wi-fi-6-dual-band-gigabit-rt-ax82u\/","title":{"rendered":"Router Wireless Asus RT-AX82U, AX6000, Wi-Fi 6, Dual-Band, Gigabit"},"content":{"rendered":"<p>Router Wireless Asus RT-AX82U; 02.11ax, IPv4, IPv6; Segment produs: Performan\u021b\u0103 AX Extrem\u0103 AX6000; Rata Datelor: 802.11ax (2.4GHz): p\u00e2n\u0103 la 1148 Mbps, 802.11ax (5GHz): p\u00e2n\u0103 la 4804 Mbps; 4* anten\u0103 extern\u0103; Procesor: Quad-core la 1.8GHz; Memorie: 256 MB Flash, 1GB RAM; Frecven\u021ba de operare: 2.4 GHz\/ 5 GHz; Porturi: 1 x RJ45 pentru Gigabits BaseT pentru WAN, 8 x RJ45 pentru Gigabits BaseT pentru LAN, USB 3.1 Gen1x 2; Surs\u0103 curent: Intrare AC 110V~240V(50~60Hz), Ie\u015fire DC 19 V cu max. 2.37 A;<\/p>\n","protected":false},"excerpt":{"rendered":"<p>Router Wireless Asus RT-AX82U; 02.11ax, IPv4, IPv6; Segment produs: Performan\u021b\u0103 AX Extrem\u0103 AX6000; Rata Datelor: 802.11ax (2.4GHz): p\u00e2n\u0103 la 1148 Mbps, 802.11ax (5GHz): p\u00e2n\u0103 la 4804 Mbps; 4* anten\u0103 extern\u0103; Procesor: Quad-core la 1.8GHz; Memorie: 256 MB Flash, 1GB RAM; Frecven\u021ba de operare: 2.4 GHz\/ 5 GHz; Porturi: 1 x RJ45 pentru Gigabits BaseT pentru<span class=\"read-more-faq\"><a href=\"https:\/\/hqstore.ro\/index.php\/product\/routere-wireless-router-wireless-asus-rt-ax82u-ax6000-wi-fi-6-dual-band-gigabit-rt-ax82u\/\">Read More<\/a><\/span><\/p>\n","protected":false},"featured_media":33994,"comment_status":"open","ping_status":"closed","template":"","meta":[],"product_cat":[335],"product_tag":[],"_links":{"self":[{"href":"https:\/\/hqstore.ro\/index.php\/wp-json\/wp\/v2\/product\/33993"}],"collection":[{"href":"https:\/\/hqstore.ro\/index.php\/wp-json\/wp\/v2\/product"}],"about":[{"href":"https:\/\/hqstore.ro\/index.php\/wp-json\/wp\/v2\/types\/product"}],"replies":[{"embeddable":true,"href":"https:\/\/hqstore.ro\/index.php\/wp-json\/wp\/v2\/comments?post=33993"}],"wp:featuredmedia":[{"embeddable":true,"href":"https:\/\/hqstore.ro\/index.php\/wp-json\/wp\/v2\/media\/33994"}],"wp:attachment":[{"href":"https:\/\/hqstore.ro\/index.php\/wp-json\/wp\/v2\/media?parent=33993"}],"wp:term":[{"taxonomy":"product_cat","embeddable":true,"href":"https:\/\/hqstore.ro\/index.php\/wp-json\/wp\/v2\/product_cat?post=33993"},{"taxonomy":"product_tag","embeddable":true,"href":"https:\/\/hqstore.ro\/index.php\/wp-json\/wp\/v2\/product_tag?post=33993"}],"curies":[{"name":"wp","href":"https:\/\/api.w.org\/{rel}","templated":true}]}}