{"id":26381,"date":"2020-10-27T23:59:10","date_gmt":"2020-10-27T20:59:10","guid":{"rendered":"https:\/\/hqstore.ro\/index.php\/product\/imprimante-inkjet-imprimanta-inkjet-color-epson-wf-5290dw-dimensiune-a4-duplex-viteza-max-c11cg05401\/"},"modified":"2023-05-26T23:17:36","modified_gmt":"2023-05-26T20:17:36","slug":"imprimante-inkjet-imprimanta-inkjet-color-epson-wf-5290dw-dimensiune-a4-duplex-viteza-max-c11cg05401","status":"publish","type":"product","link":"https:\/\/hqstore.ro\/index.php\/product\/imprimante-inkjet-imprimanta-inkjet-color-epson-wf-5290dw-dimensiune-a4-duplex-viteza-max-c11cg05401\/","title":{"rendered":"Imprimanta inkjet color Epson WF-5290DW, dimensiune A4, duplex, viteza max"},"content":{"rendered":"<p>Imprimanta inkjet color Epson WF-5290DW, dimensiune A4, duplex, viteza max 34ppm alb-negru si color, rezolutie max 4800x1200dpi, alimentare hartie 330 coli, limbaje de printare: PCL5c, PCL6, PostScript 3, ESC\/P- R, PDF 1.7, volum de printare max 45000 pagini\/luna, display color 6cm, interfata: LAN wireless IEEE 802.11 b\/g\/n, Wi-Fi Direct, USB 1.1 tip A (2x), USB Hi-Speed &#8211; compatibilitate cu specifica\u0163ia USB 2.0, Interfa\u0163\u0103 Ethernet (1000 Base-T\/ 100-Base TX\/ 10-Base-T), Near Field Communication (NFC), consumabile: (Starter kit inclus) C13T944140, C13T944240, C13T944340, C13T944440, C13T945140, C13T945240, C13T945340, C13T945440, C13T946140, C13T671600.Accesorii:  500-SHEET PAPER CASSETTE C12C932871.<\/p>\n","protected":false},"excerpt":{"rendered":"<p>Imprimanta inkjet color Epson WF-5290DW, dimensiune A4, duplex, viteza max 34ppm alb-negru si color, rezolutie max 4800x1200dpi, alimentare hartie 330 coli, limbaje de printare: PCL5c, PCL6, PostScript 3, ESC\/P- R, PDF 1.7, volum de printare max 45000 pagini\/luna, display color 6cm, interfata: LAN wireless IEEE 802.11 b\/g\/n, Wi-Fi Direct, USB 1.1 tip A (2x), USB<span class=\"read-more-faq\"><a href=\"https:\/\/hqstore.ro\/index.php\/product\/imprimante-inkjet-imprimanta-inkjet-color-epson-wf-5290dw-dimensiune-a4-duplex-viteza-max-c11cg05401\/\">Read More<\/a><\/span><\/p>\n","protected":false},"featured_media":26382,"comment_status":"open","ping_status":"closed","template":"","meta":[],"product_cat":[302],"product_tag":[],"_links":{"self":[{"href":"https:\/\/hqstore.ro\/index.php\/wp-json\/wp\/v2\/product\/26381"}],"collection":[{"href":"https:\/\/hqstore.ro\/index.php\/wp-json\/wp\/v2\/product"}],"about":[{"href":"https:\/\/hqstore.ro\/index.php\/wp-json\/wp\/v2\/types\/product"}],"replies":[{"embeddable":true,"href":"https:\/\/hqstore.ro\/index.php\/wp-json\/wp\/v2\/comments?post=26381"}],"wp:featuredmedia":[{"embeddable":true,"href":"https:\/\/hqstore.ro\/index.php\/wp-json\/wp\/v2\/media\/26382"}],"wp:attachment":[{"href":"https:\/\/hqstore.ro\/index.php\/wp-json\/wp\/v2\/media?parent=26381"}],"wp:term":[{"taxonomy":"product_cat","embeddable":true,"href":"https:\/\/hqstore.ro\/index.php\/wp-json\/wp\/v2\/product_cat?post=26381"},{"taxonomy":"product_tag","embeddable":true,"href":"https:\/\/hqstore.ro\/index.php\/wp-json\/wp\/v2\/product_tag?post=26381"}],"curies":[{"name":"wp","href":"https:\/\/api.w.org\/{rel}","templated":true}]}}