{"id":2591,"date":"2020-05-16T03:26:08","date_gmt":"2020-05-16T00:26:08","guid":{"rendered":"https:\/\/hqstore.ro\/index.php\/product\/placi-video-placa-video-asus-nvidia-phoenix-geforce-gtx-1050-ti-ph-gtx1050ti-4gpci-ph-gtx1050ti-4g\/"},"modified":"2023-05-29T00:00:10","modified_gmt":"2023-05-28T21:00:10","slug":"placi-video-placa-video-asus-geforce-gtx-1050-ti-phoenix-4gb-gddr5-ph-gtx1050ti-4g","status":"publish","type":"product","link":"https:\/\/hqstore.ro\/index.php\/product\/placi-video-placa-video-asus-geforce-gtx-1050-ti-phoenix-4gb-gddr5-ph-gtx1050ti-4g\/","title":{"rendered":"Placa video ASUS GeForce GTX 1050 Ti Phoenix, 4GB GDDR5,"},"content":{"rendered":"<p>Placa video Asus nVidia Phoenix GeForce GTX 1050 TI, PH-GTX1050TI-4G,PCI Express 3.0, GDDR5 4GB, Frecven\u021b\u0103 Engine: Frecven\u0163\u0103 GPU boost : 1392MHz\/Frecven\u0163\u0103 GPU standard : 1290 MHz, Frecven\u021b\u0103 memorie: 7008 MHz, 128-bit, 1* DVI\/HDMI\/DP, Suport HDCP<\/p>\n","protected":false},"excerpt":{"rendered":"<p>Placa video Asus nVidia Phoenix GeForce GTX 1050 TI, PH-GTX1050TI-4G,PCI Express 3.0, GDDR5 4GB, Frecven\u021b\u0103 Engine: Frecven\u0163\u0103 GPU boost : 1392MHz\/Frecven\u0163\u0103 GPU standard : 1290 MHz, Frecven\u021b\u0103 memorie: 7008 MHz, 128-bit, 1* DVI\/HDMI\/DP, Suport HDCP<\/p>\n","protected":false},"featured_media":2592,"comment_status":"open","ping_status":"closed","template":"","meta":[],"product_cat":[281],"product_tag":[],"_links":{"self":[{"href":"https:\/\/hqstore.ro\/index.php\/wp-json\/wp\/v2\/product\/2591"}],"collection":[{"href":"https:\/\/hqstore.ro\/index.php\/wp-json\/wp\/v2\/product"}],"about":[{"href":"https:\/\/hqstore.ro\/index.php\/wp-json\/wp\/v2\/types\/product"}],"replies":[{"embeddable":true,"href":"https:\/\/hqstore.ro\/index.php\/wp-json\/wp\/v2\/comments?post=2591"}],"wp:featuredmedia":[{"embeddable":true,"href":"https:\/\/hqstore.ro\/index.php\/wp-json\/wp\/v2\/media\/2592"}],"wp:attachment":[{"href":"https:\/\/hqstore.ro\/index.php\/wp-json\/wp\/v2\/media?parent=2591"}],"wp:term":[{"taxonomy":"product_cat","embeddable":true,"href":"https:\/\/hqstore.ro\/index.php\/wp-json\/wp\/v2\/product_cat?post=2591"},{"taxonomy":"product_tag","embeddable":true,"href":"https:\/\/hqstore.ro\/index.php\/wp-json\/wp\/v2\/product_tag?post=2591"}],"curies":[{"name":"wp","href":"https:\/\/api.w.org\/{rel}","templated":true}]}}