{"id":18297,"date":"2020-05-31T05:36:19","date_gmt":"2020-05-31T02:36:19","guid":{"rendered":"https:\/\/hqstore.ro\/index.php\/product\/seifuri-seif-mediu-cu-amprenta-ysf-250-db1-ofera-securitate-pentru-a-ysf-250-db1\/"},"modified":"2023-01-31T01:28:20","modified_gmt":"2023-01-30T22:28:20","slug":"seifuri-seif-mediu-cu-amprenta-ysf-250-db1-ofera-securitate-pentru-a-ysf-250-db1","status":"publish","type":"product","link":"https:\/\/hqstore.ro\/index.php\/product\/seifuri-seif-mediu-cu-amprenta-ysf-250-db1-ofera-securitate-pentru-a-ysf-250-db1\/","title":{"rendered":"Seif mediu cu amprent\u0103 YSF\/250\/DB1 &#8211; ofer\u0103 securitate pentru a"},"content":{"rendered":"<p>Seif mediu cu amprent\u0103 YSF\/250\/DB1 &#8211; ofer\u0103 securitate pentru a v\u0103 proteja bunurile personale \u00een timp ce beneficia\u021bi de o deschidere a seifului u\u0219oar\u0103 cu amprenta dvs; P\u0103stra\u021bi-v\u0103 informa\u021biile importante \u0219i cele mai de valoare bunuri \u00een siguran\u021b\u0103 av\u00e2nd un control al accesului personalizat \u0219i posibilitatea de a stoca p\u00e2n\u0103 la 30 de amprente. Combina\u021bi accesul rapid cu deschiderea cu amprent\u0103 \u0219i securitatea sporit\u0103 folosind acest nou seif Yale fabricat din o\u021bel. Acest seif poate fi deschis nu numai cu ajutorul senzorului de amprent\u0103, ci \u0219i cu un cod PIN sau o cheie mecanic\u0103, astfel \u00eenc\u00e2t s\u0103 v\u0103 pute\u021bi bucura de facilitatea de a avea trei moduri diferite de autorizare; Caracteristici: Deschidere cu senzor de amprent\u0103; Deschidere suplimentar\u0103 cu cod PIN; Mecanism \u00eenchidere anti-lovire; Indicatori LED; Volum: 20.4L;<\/p>\n","protected":false},"excerpt":{"rendered":"<p>Seif mediu cu amprent\u0103 YSF\/250\/DB1 &#8211; ofer\u0103 securitate pentru a v\u0103 proteja bunurile personale \u00een timp ce beneficia\u021bi de o deschidere a seifului u\u0219oar\u0103 cu amprenta dvs; P\u0103stra\u021bi-v\u0103 informa\u021biile importante \u0219i cele mai de valoare bunuri \u00een siguran\u021b\u0103 av\u00e2nd un control al accesului personalizat \u0219i posibilitatea de a stoca p\u00e2n\u0103 la 30 de amprente. Combina\u021bi<span class=\"read-more-faq\"><a href=\"https:\/\/hqstore.ro\/index.php\/product\/seifuri-seif-mediu-cu-amprenta-ysf-250-db1-ofera-securitate-pentru-a-ysf-250-db1\/\">Read More<\/a><\/span><\/p>\n","protected":false},"featured_media":18298,"comment_status":"open","ping_status":"closed","template":"","meta":[],"product_cat":[507],"product_tag":[],"_links":{"self":[{"href":"https:\/\/hqstore.ro\/index.php\/wp-json\/wp\/v2\/product\/18297"}],"collection":[{"href":"https:\/\/hqstore.ro\/index.php\/wp-json\/wp\/v2\/product"}],"about":[{"href":"https:\/\/hqstore.ro\/index.php\/wp-json\/wp\/v2\/types\/product"}],"replies":[{"embeddable":true,"href":"https:\/\/hqstore.ro\/index.php\/wp-json\/wp\/v2\/comments?post=18297"}],"wp:featuredmedia":[{"embeddable":true,"href":"https:\/\/hqstore.ro\/index.php\/wp-json\/wp\/v2\/media\/18298"}],"wp:attachment":[{"href":"https:\/\/hqstore.ro\/index.php\/wp-json\/wp\/v2\/media?parent=18297"}],"wp:term":[{"taxonomy":"product_cat","embeddable":true,"href":"https:\/\/hqstore.ro\/index.php\/wp-json\/wp\/v2\/product_cat?post=18297"},{"taxonomy":"product_tag","embeddable":true,"href":"https:\/\/hqstore.ro\/index.php\/wp-json\/wp\/v2\/product_tag?post=18297"}],"curies":[{"name":"wp","href":"https:\/\/api.w.org\/{rel}","templated":true}]}}