{"id":17789,"date":"2020-05-31T04:02:14","date_gmt":"2020-05-31T01:02:14","guid":{"rendered":"https:\/\/hqstore.ro\/index.php\/product\/smartwhatch-uri-ceas-smartwatch-garmin-vivoactive-3-music-gps-silicon-mod-ceas-010-01985-33\/"},"modified":"2023-01-30T21:09:56","modified_gmt":"2023-01-30T18:09:56","slug":"smartwhatch-uri-ceas-smartwatch-garmin-vivoactive-3-music-gps-silicon-mod-ceas-010-01985-33","status":"publish","type":"product","link":"https:\/\/hqstore.ro\/index.php\/product\/smartwhatch-uri-ceas-smartwatch-garmin-vivoactive-3-music-gps-silicon-mod-ceas-010-01985-33\/","title":{"rendered":"Ceas Smartwatch Garmin vivoactive 3 Music, GPS, silicon, Mod ceas"},"content":{"rendered":"<p>Ceas Smartwatch Garmin vivoactive 3 Music, GPS, silicon, Mod ceas inteligent: p\u00e2n\u0103 la 7 zile Mod GPS cu muzic\u0103: p\u00e2n\u0103 la 5 ore, Rezistent la apa, Cronnometru, Conectivitate: Bluetooth, ANT+, Wi-Fi, Granite Blue\/Rose Gold.<\/p>\n","protected":false},"excerpt":{"rendered":"<p>Ceas Smartwatch Garmin vivoactive 3 Music, GPS, silicon, Mod ceas inteligent: p\u00e2n\u0103 la 7 zile Mod GPS cu muzic\u0103: p\u00e2n\u0103 la 5 ore, Rezistent la apa, Cronnometru, Conectivitate: Bluetooth, ANT+, Wi-Fi, Granite Blue\/Rose Gold.<\/p>\n","protected":false},"featured_media":17790,"comment_status":"open","ping_status":"closed","template":"","meta":[],"product_cat":[43],"product_tag":[],"_links":{"self":[{"href":"https:\/\/hqstore.ro\/index.php\/wp-json\/wp\/v2\/product\/17789"}],"collection":[{"href":"https:\/\/hqstore.ro\/index.php\/wp-json\/wp\/v2\/product"}],"about":[{"href":"https:\/\/hqstore.ro\/index.php\/wp-json\/wp\/v2\/types\/product"}],"replies":[{"embeddable":true,"href":"https:\/\/hqstore.ro\/index.php\/wp-json\/wp\/v2\/comments?post=17789"}],"wp:featuredmedia":[{"embeddable":true,"href":"https:\/\/hqstore.ro\/index.php\/wp-json\/wp\/v2\/media\/17790"}],"wp:attachment":[{"href":"https:\/\/hqstore.ro\/index.php\/wp-json\/wp\/v2\/media?parent=17789"}],"wp:term":[{"taxonomy":"product_cat","embeddable":true,"href":"https:\/\/hqstore.ro\/index.php\/wp-json\/wp\/v2\/product_cat?post=17789"},{"taxonomy":"product_tag","embeddable":true,"href":"https:\/\/hqstore.ro\/index.php\/wp-json\/wp\/v2\/product_tag?post=17789"}],"curies":[{"name":"wp","href":"https:\/\/api.w.org\/{rel}","templated":true}]}}