{"id":10937,"date":"2020-05-17T08:39:35","date_gmt":"2020-05-17T05:39:35","guid":{"rendered":"https:\/\/hqstore.ro\/index.php\/product\/centrale-si-tastaturi-tastatura-lcd-monocrom-touch-sense-taste-capacitive-si-32-de-k656\/"},"modified":"2023-05-30T00:44:55","modified_gmt":"2023-05-29T21:44:55","slug":"centrale-si-tastaturi-tastatura-lcd-monocrom-touch-sense-taste-capacitive-si-32-de-k656","status":"publish","type":"product","link":"https:\/\/hqstore.ro\/index.php\/product\/centrale-si-tastaturi-tastatura-lcd-monocrom-touch-sense-taste-capacitive-si-32-de-k656\/","title":{"rendered":"Tastatura LCD monocrom TOUCH SENSE (taste capacitive) si 32 de"},"content":{"rendered":"<p>Tastatura LCD monocrom TOUCH SENSE (taste capacitive) si 32 de caractere; compatibilitate: EVO; design compact; afi\u015fare zone alarm\u0103; posibilitate actualizare firmware local, via InField; programare simplificat\u0103 pentru utilizator; asignare uneia\/mai multor parti\u0163ii; afi\u015feaz\u0103 starea a 8 parti\u0163ii \u015fi 192 zone; 1 zon\u0103 de intrare conven\u0163ional\u0103 \u015fi 1 ie\u015fire PGM; num\u0103r nelimitat de zone clopo\u0163el, programabile independent; butoane de func\u0163ii; 3 butoane dedicate pentru alarme de panic\u0103; afi\u015fare or\u0103 \u00een format 12 sau 24h; 15 x 8.5 x 2 cm; culori disponibile: NEGRU \/ ALB<\/p>\n","protected":false},"excerpt":{"rendered":"<p>Tastatura LCD monocrom TOUCH SENSE (taste capacitive) si 32 de caractere; compatibilitate: EVO; design compact; afi\u015fare zone alarm\u0103; posibilitate actualizare firmware local, via InField; programare simplificat\u0103 pentru utilizator; asignare uneia\/mai multor parti\u0163ii; afi\u015feaz\u0103 starea a 8 parti\u0163ii \u015fi 192 zone; 1 zon\u0103 de intrare conven\u0163ional\u0103 \u015fi 1 ie\u015fire PGM; num\u0103r nelimitat de zone clopo\u0163el, programabile<span class=\"read-more-faq\"><a href=\"https:\/\/hqstore.ro\/index.php\/product\/centrale-si-tastaturi-tastatura-lcd-monocrom-touch-sense-taste-capacitive-si-32-de-k656\/\">Read More<\/a><\/span><\/p>\n","protected":false},"featured_media":10938,"comment_status":"open","ping_status":"closed","template":"","meta":[],"product_cat":[370],"product_tag":[],"_links":{"self":[{"href":"https:\/\/hqstore.ro\/index.php\/wp-json\/wp\/v2\/product\/10937"}],"collection":[{"href":"https:\/\/hqstore.ro\/index.php\/wp-json\/wp\/v2\/product"}],"about":[{"href":"https:\/\/hqstore.ro\/index.php\/wp-json\/wp\/v2\/types\/product"}],"replies":[{"embeddable":true,"href":"https:\/\/hqstore.ro\/index.php\/wp-json\/wp\/v2\/comments?post=10937"}],"wp:featuredmedia":[{"embeddable":true,"href":"https:\/\/hqstore.ro\/index.php\/wp-json\/wp\/v2\/media\/10938"}],"wp:attachment":[{"href":"https:\/\/hqstore.ro\/index.php\/wp-json\/wp\/v2\/media?parent=10937"}],"wp:term":[{"taxonomy":"product_cat","embeddable":true,"href":"https:\/\/hqstore.ro\/index.php\/wp-json\/wp\/v2\/product_cat?post=10937"},{"taxonomy":"product_tag","embeddable":true,"href":"https:\/\/hqstore.ro\/index.php\/wp-json\/wp\/v2\/product_tag?post=10937"}],"curies":[{"name":"wp","href":"https:\/\/api.w.org\/{rel}","templated":true}]}}