{"id":10923,"date":"2020-05-17T08:39:18","date_gmt":"2020-05-17T05:39:18","guid":{"rendered":"https:\/\/hqstore.ro\/index.php\/product\/centrale-si-tastaturi-tastatura-led-32-zone-radio-compatibila-cu-mg6160-si-mg6130-k32w\/"},"modified":"2023-05-30T00:45:04","modified_gmt":"2023-05-29T21:45:04","slug":"centrale-si-tastaturi-tastatura-led-32-zone-radio-compatibila-cu-mg6160-si-mg6130-k32w","status":"publish","type":"product","link":"https:\/\/hqstore.ro\/index.php\/product\/centrale-si-tastaturi-tastatura-led-32-zone-radio-compatibila-cu-mg6160-si-mg6130-k32w\/","title":{"rendered":"Tastatura LED, 32 zone radio; compatibila cu: MG6160 \u015fi MG6130;"},"content":{"rendered":"<p>Tastatura LED, 32 zone radio; compatibila cu: MG6160 \u015fi MG6130; Emi\u0163\u0103tor-receptor \u00eencorporat; afi\u015faj cu LED-uri pentru 32 de zone; LED- uri indicatoare de stare (armare\/armare par\u0163ial\u0103\/gata de armare); vizualizarea \u00een timp real a st\u0103rii zonelor \u015fi a st\u0103rii sistemului; posibilitate upgrade firmware via 307USB \u015fi BabyWare; raza radio in spa\u0163iu reziden\u0163ial: 40m; 8 butoane cu actiune rapida; 3 alarme de panic\u0103 activabile de la tastatur\u0103; iluminare de fundal ajustabil\u0103; include acumulator Li-Ion de 3.7V; include ADAPTOR de 6V<\/p>\n","protected":false},"excerpt":{"rendered":"<p>Tastatura LED, 32 zone radio; compatibila cu: MG6160 \u015fi MG6130; Emi\u0163\u0103tor-receptor \u00eencorporat; afi\u015faj cu LED-uri pentru 32 de zone; LED- uri indicatoare de stare (armare\/armare par\u0163ial\u0103\/gata de armare); vizualizarea \u00een timp real a st\u0103rii zonelor \u015fi a st\u0103rii sistemului; posibilitate upgrade firmware via 307USB \u015fi BabyWare; raza radio in spa\u0163iu reziden\u0163ial: 40m; 8 butoane cu<span class=\"read-more-faq\"><a href=\"https:\/\/hqstore.ro\/index.php\/product\/centrale-si-tastaturi-tastatura-led-32-zone-radio-compatibila-cu-mg6160-si-mg6130-k32w\/\">Read More<\/a><\/span><\/p>\n","protected":false},"featured_media":10924,"comment_status":"open","ping_status":"closed","template":"","meta":[],"product_cat":[370],"product_tag":[],"_links":{"self":[{"href":"https:\/\/hqstore.ro\/index.php\/wp-json\/wp\/v2\/product\/10923"}],"collection":[{"href":"https:\/\/hqstore.ro\/index.php\/wp-json\/wp\/v2\/product"}],"about":[{"href":"https:\/\/hqstore.ro\/index.php\/wp-json\/wp\/v2\/types\/product"}],"replies":[{"embeddable":true,"href":"https:\/\/hqstore.ro\/index.php\/wp-json\/wp\/v2\/comments?post=10923"}],"wp:featuredmedia":[{"embeddable":true,"href":"https:\/\/hqstore.ro\/index.php\/wp-json\/wp\/v2\/media\/10924"}],"wp:attachment":[{"href":"https:\/\/hqstore.ro\/index.php\/wp-json\/wp\/v2\/media?parent=10923"}],"wp:term":[{"taxonomy":"product_cat","embeddable":true,"href":"https:\/\/hqstore.ro\/index.php\/wp-json\/wp\/v2\/product_cat?post=10923"},{"taxonomy":"product_tag","embeddable":true,"href":"https:\/\/hqstore.ro\/index.php\/wp-json\/wp\/v2\/product_tag?post=10923"}],"curies":[{"name":"wp","href":"https:\/\/api.w.org\/{rel}","templated":true}]}}